e the remainder when (m*13)/(10/10) is divided by 20.
18
Suppose w = -2*g + 11, -2*w - 35 - 7 = -4*g. Calculate the remainder when 157 is divided by g.
5
Suppose 0 = 4*l + 18 - 114. Suppose 3*s - 18 = l. What is the remainder when 53 is divided by s?
11
Suppose -5 = m - 4*j - 35, -2*m + 36 = 4*j. Let f(q) = q**3 - 6*q**2 - 6*q - 10. Let l be f(7). Calculate the remainder when 4 + (l - (-120)/3) is divided by m.
19
Suppose -12 = 3*g - 30. Suppose -5*s - 2 = -12. Calculate the remainder when g is divided by s.
0
What is the remainder when 82 is divided by ((-396)/(-11))/(2/4)?
10
Let d(g) = -g**3 + 6*g**2 + g - 7. Let w = 7 + -2. What is the remainder when (-4)/(-3)*(-270)/(-4) is divided by d(w)?
21
Let t(s) = -4*s - 7. Let v be t(-3). Let u be 1 + -38*v/5. Let k = u + 67. Calculate the remainder when k is divided by 11.
8
Suppose -84 = 148*t - 155*t. Calculate the remainder when 30 is divided by t.
6
Let a = -977 + 75. What is the remainder when (a/33)/(4/(-6)) is divided by 14?
13
Let v(z) = -z**3 + 3*z**2 - 1. Suppose -3*a + 2 + 4 = 0. Calculate the remainder when 80/20 - (-2 + 1) is divided by v(a).
2
Let g(p) = 2*p**2 - 3*p + 1. Suppose 13 = -7*f + 34. Suppose 7*a = f*a + 16. Calculate the remainder when g(a) is divided by 11.
10
Suppose -5*y = 30 - 60. Suppose -y*c + 120 = 18. What is the remainder when c is divided by 1/3 + 104/12?
8
Let h be (2/(-6))/(1/(-12 + 3)). Suppose -2*w + h*m + 2*m + 30 = 0, -3*m + 60 = 4*w. Calculate the remainder when w is divided by 6.
3
Suppose -3*j - x = -6*j - 116, -5*x = -4*j - 151. Calculate the remainder when 64 is divided by j/(-6)*(2 - (0 + 0)).
12
Let b be (-3)/(141/(-33) - -4). Suppose 68 = 5*u - 4*k + b, 4*u + 3*k = 27. What is the remainder when u is divided by 3?
0
Suppose 2*n = -3*n + 4*z + 222, 2*n - 78 = -2*z. Suppose -n*v = -38*v - 40. Calculate the remainder when v is divided by 8.
2
Suppose -5*m - t = 69 - 239, -34 = -m + 3*t. Let b = 217 + -82. What is the remainder when b is divided by m?
33
Let t be 1/(2/6) - 1. Let q(i) = 5*i**3 + 3*i**2 + 2*i + 2*i**3 - 2 + 4*i**2 - 8*i**2. What is the remainder when q(t) is divided by 14?
12
Suppose -18 = -4*m + 6. Suppose 215 = m*t - 79. Calculate the remainder when t is divided by 13.
10
Let x(o) = o + 152. What is the remainder when x(-41) is divided by 38?
35
Suppose 0 = 3*d - 20 - 10. What is the remainder when 15 is divided by d?
5
Let x(m) = m**3 - 9*m**2 + 9*m - 9. Let c be x(8). Let j be c/(5 + -3)*0. Suppose j*a - 430 = -5*a. What is the remainder when a is divided by 22?
20
Let w = 451 - 244. What is the remainder when w is divided by 16?
15
Suppose 46 = g + 4*f - 162, -5*g - 2*f = -1022. Calculate the remainder when g is divided by 52.
48
Let r = 342 + -325. Let l(a) = -a**2 + 15*a - 8. Calculate the remainder when l(6) is divided by r.
12
Suppose y - 970 = -q - 84, y + 1760 = 2*q. Calculate the remainder when q is divided by 81.
72
Let t be (-174)/8 - -2 - (-8)/(-32). What is the remainder when 27 is divided by (-15)/6*1*48/t?
3
Let c(m) = m**3 + 14*m**2 + 16*m + 4. Calculate the remainder when c(-11) is divided by 39.
35
Let h = 571 - 513. Calculate the remainder when h is divided by 10.
8
What is the remainder when 570 is divided by 49 - (-3)/((-39)/104)?
37
Let c(v) = 2*v**2 - 3*v. Let z(a) = a + 16. What is the remainder when c(-7) is divided by z(14)?
29
Suppose 0 = -3*n + 15, 4*n = -4*s - 0*n + 40. Let j = 24 - s. Let a(b) = b**2 + b + 11. Calculate the remainder when j is divided by a(0).
8
Suppose 3*b + 5*s = 5*b - 11, 3*b + 41 = -4*s. Calculate the remainder when -2*b/6*3 is divided by 5.
2
Let n(o) = -11*o**3 - 4*o. Let s be n(2). What is the remainder when 30 is divided by (3/(-2)*-1)/((-18)/s)?
6
Suppose 10 + 522 = 4*m. Suppose 3*s + m = x + 34, -107 = -x + 5*s. Calculate the remainder when x is divided by 22.
21
Suppose -4*o + 171 = 5*j, 2*j = 2*o + 3*j - 81. Suppose -25*q = -27*q + 20. What is the remainder when o is divided by q?
9
Let y = -1529 + 1986. Calculate the remainder when y is divided by 46.
43
Let w(i) = i - 11. Let s be w(7). Calculate the remainder when 30 is divided by 9 - 1*(-4)/s.
6
Suppose 0 = -5*y + 688 - 198. What is the remainder when y is divided by 52?
46
Let o be (-34)/((-7)/((-7)/(-2))). Let w = 5 + o. Let p = w + -16. Calculate the remainder when 10 is divided by p.
4
Suppose -10*f = -5*f - 245. Calculate the remainder when f is divided by 28.
21
Let q = 35 - 11. Calculate the remainder when -2 - 4/8*-238 is divided by q.
21
Suppose -2*m - 5*h = 14, -m - 17 = -2*h + 7*h. Suppose m*g + 84 = 4*i + g, i = -5*g + 10. What is the remainder when 79 is divided by i?
19
Suppose 3*f = 3*k + 30, 3*f - k - 34 = 4*k. Let u = -2 + f. Suppose 4*w - 4 = 8. Calculate the remainder when u is divided by w.
0
Let j(d) = 2*d + 19. Let h(y) = -11 + 13*y - 138*y**2 + 137*y**2 - 4*y. Let z be h(6). Calculate the remainder when j(z) is divided by 9.
6
Let b(k) = -k - 3. Let n(s) = -s**3 + 9*s**2 - 11*s + 19. Let q be n(8). Calculate the remainder when 9 is divided by b(q).
1
Let s(u) = 5*u**2 + 4*u + 3. Suppose 50*q = 61*q - 308. Calculate the remainder when s(-5) is divided by q.
24
Suppose -3*o - 2*i - 15 = -66, o - 13 = -2*i. What is the remainder when 49 is divided by o?
11
Suppose -7*k + 192 = -410. What is the remainder when k is divided by 9?
5
Suppose 52*f - 443 = 18745. What is the remainder when f is divided by 31?
28
Let z(h) = -9*h**3 - 7*h**2 - 7*h. What is the remainder when 102 is divided by z(-1)?
3
Suppose 4*p - g + 520 = 3119, -4*g + 1286 = 2*p. What is the remainder when p is divided by 5?
4
Let t(b) = -b**2 - 7*b + 323. What is the remainder when 67 is divided by t(14)?
9
Let c(h) = h**2 + 38*h - 6. What is the remainder when c(6) is divided by 20?
18
Let n(l) = 9*l - 3. Calculate the remainder when 68 is divided by n(3).
20
Suppose -5*u + 3*n + 601 = 0, -10*n + 8*n - 482 = -4*u. Calculate the remainder when 1214 is divided by u.
116
Suppose 20*q - 29*q = -6435. Calculate the remainder when q is divided by 3.
1
Suppose -13*p - 609 = -34*p. What is the remainder when p is divided by (-160)/(-14) - 6/14?
7
Let y = -7 - -28. Calculate the remainder when y is divided by 16.
5
Suppose -3*l = 4*l + 581. Calculate the remainder when 24 is divided by l/(-9) + (-34)/153.
6
Let r(u) = 59*u**3 + 5*u**2 + u - 6. What is the remainder when r(1) is divided by 21?
17
Suppose 250 = 8*q - 62. Calculate the remainder when 76 is divided by q.
37
Suppose 12*x = 3*x + 576. Let t = -22 + x. What is the remainder when t is divided by 11?
9
Suppose -3*a = w - 6*a + 71, -12 = 4*a. Let f be w/100 - (-4)/5. Suppose -4*c + 65 + 51 = f. What is the remainder when c is divided by 10?
9
Suppose -60 = -q - 0*v - v, 0 = -q - 4*v + 63. Let x be 5/((-3)/36*-2). Calculate the remainder when q is divided by 462/x - (-4)/(-10).
14
Suppose r + 4*r = -5. Calculate the remainder when 133 is divided by (5/(-15))/(r/3) - -26.
25
Suppose 3*p + 59 = -5*h - 517, 4*p + 578 = -5*h. Let s = -100 - h. Calculate the remainder when 41 is divided by s.
13
Calculate the remainder when 52 is divided by -7 + (0/6 - -32).
2
Let j be (13*2)/(2*1). Let s = j - -3. Let o(u) = -u**3 - 25*u**2 + 34*u + 217. Calculate the remainder when s is divided by o(-26).
7
Let d = 706 + -689. What is the remainder when 84 is divided by d?
16
Let y(q) = -3*q**2 + 11*q. Let x(i) = 5*i**2 - 21*i. Let o(h) = -4*x(h) - 7*y(h). What is the remainder when 15 is divided by o(-8)?
7
Calculate the remainder when 87 is divided by 5 + (-2 + 5 - -6).
3
Let v(k) = k**2 + 65*k + 570. Suppose -5*p = 1 - 41. What is the remainder when v(-10) is divided by p?
4
Let j(u) = 161*u - 786. What is the remainder when 681 is divided by j(5)?
16
Suppose -4*u = -2*z + 148, 5*z - 2*z - 246 = -2*u. Calculate the remainder when z is divided by 28.
24
Let d(a) = a**2 - a - 39. What is the remainder when d(-9) is divided by 11?
7
Calculate the remainder when (1/(-2))/((5 - 11)/1296) is divided by 7.
3
Suppose 2*p + 2 = 3*v, 2*p - 10*v + 4 = -6*v. What is the remainder when 18 is divided by p?
0
Let d = 320 - 261. Let b(h) = 2*h**2 - 2*h - 3. What is the remainder when d is divided by b(3)?
5
Suppose -3 - 8 = -3*y + 4*o, -5*o = -3*y + 10. Suppose 5*d - 4*d = -3*q + 56, 0 = -5*q + y*d + 120. What is the 